{"id":10,"date":"2021-03-11T12:08:11","date_gmt":"2021-03-11T11:08:11","guid":{"rendered":"https:\/\/meinepraxis.seam-release.at\/?page_id=10"},"modified":"2026-01-13T14:40:23","modified_gmt":"2026-01-13T13:40:23","slug":"meine-arbeit","status":"publish","type":"page","link":"https:\/\/www.meinepraxis.at\/de\/meine-arbeit\/","title":{"rendered":"Meine Arbeit"},"content":{"rendered":"\n<p class=\"has-medium-font-size\">Es gibt ein Problem. Ich habe eine Idee wie wir es angehen k\u00f6nnen. <br>Gemeinsam finden wir heraus, ob wir mit dieser Idee ein erfolgreiches Therapiekonzept zusammenstellen k\u00f6nnen. Wenn uns das in der Erstordination gelingt, ist das der Beginn einer effizienten Zusammenarbeit.<\/p>\n\n\n\n<div class=\"wp-block-columns are-vertically-aligned-center is-layout-flex wp-container-core-columns-is-layout-9d6595d7 wp-block-columns-is-layout-flex\">\n<div class=\"wp-block-column is-vertically-aligned-center is-layout-flow wp-block-column-is-layout-flow\">\n<div class=\"wp-block-group\"><div class=\"wp-block-group__inner-container is-layout-flow wp-block-group-is-layout-flow\">\n<p>Um sinnvoll arbeiten zu k\u00f6nnen, brauche ich als Therapeut zu aller erst einen Blick aufs Ganze. Nicht die Verletzung steht alleine f\u00fcr sich, sondern der Mensch mit seinem Umfeld und seiner Geschichte, die zu guter Letzt zu der Verletzung gef\u00fchrt hat, mit der er oder sie zu mir gekommen ist. Der Mensch ist in K\u00f6rper, Geist und Seele ein Ganzes. Aber nicht nur das. Wir sind auch in st\u00e4ndigem Austausch mit unserer Umwelt. Bei komplizierten, langen Krankheitsverl\u00e4ufen mit wenig Erfolg kann dies zu ber\u00fccksichtigen den entscheidenden Unterschied machen, um gesund zu werden.<\/p>\n<\/div><\/div>\n<\/div>\n<\/div>\n\n\n\n<div class=\"wp-block-columns is-layout-flex wp-container-core-columns-is-layout-9d6595d7 wp-block-columns-is-layout-flex\">\n<div class=\"wp-block-column is-layout-flow wp-block-column-is-layout-flow\">\n<figure class=\"wp-block-image size-full\"><img loading=\"lazy\" decoding=\"async\" width=\"1500\" height=\"2001\" src=\"https:\/\/www.meinepraxis.at\/wp-content\/uploads\/2021\/08\/Rene-Kraenzl-Wiesenthal_cMartina-Siebenhandl_08.jpg\" alt=\"\" class=\"wp-image-682\" srcset=\"https:\/\/www.meinepraxis.at\/wp-content\/uploads\/2021\/08\/Rene-Kraenzl-Wiesenthal_cMartina-Siebenhandl_08.jpg 1500w, https:\/\/www.meinepraxis.at\/wp-content\/uploads\/2021\/08\/Rene-Kraenzl-Wiesenthal_cMartina-Siebenhandl_08-450x600.jpg 450w, https:\/\/www.meinepraxis.at\/wp-content\/uploads\/2021\/08\/Rene-Kraenzl-Wiesenthal_cMartina-Siebenhandl_08-768x1025.jpg 768w, https:\/\/www.meinepraxis.at\/wp-content\/uploads\/2021\/08\/Rene-Kraenzl-Wiesenthal_cMartina-Siebenhandl_08-1151x1536.jpg 1151w\" sizes=\"auto, (max-width: 1500px) 100vw, 1500px\" \/><\/figure>\n<\/div>\n\n\n\n<div class=\"wp-block-column is-layout-flow wp-block-column-is-layout-flow\">\n<p>Mein Schwerpunkt ist das Bindegewebe (=Faszie). Dieses verbindet und organisiert unseren K\u00f6rper. Abweichungen von Gewebedichte oder Verlaufsrichtung korrekt einzusch\u00e4tzen macht es mir m\u00f6glich Schmerzen rasch richtig zu verstehen.&nbsp;<\/p>\n\n\n\n<p>In manchen Situationen ist ein individuelles Training der beste Weg, f\u00fcr manche das Korrigieren einzelner Faszienverl\u00e4ufe und wieder andere ben\u00f6tigen mehr Freiraum in Bauch oder Kopf um wieder zur\u00fcck in die eigene Gesundheit zu finden.&nbsp;<\/p>\n\n\n\n<p>Vor allem die Auseinandersetzung mit Evolutionstheorie und Embryologie haben mir gezeigt wie wichtig es ist zu ber\u00fccksichtigen was wir als Menschheit alles k\u00f6nnen und wieviel Potenzial in unseren K\u00f6rpern liegt <\/p>\n\n\n\n<p>Selbst meine Auseinandersetzung mit Zellbiologie hat mir geholfen im Kleinen das gro\u00dfe Ganze Mensch besser zu verstehen. Ich habe schon vieles gelernt. Heute kann ich oft die Spuren sehen, die Traumata in den K\u00f6rpern meiner Patientinnen hinterlassen haben. Spuren der Verdichtung, wie sie ein schwerer Bagger in frischem Waldboden hinterlassen w\u00fcrde. Ich kann sie lesen, ihnen folgen und sie l\u00f6sen.<\/p>\n<\/div>\n<\/div>\n\n\n\n<div class=\"wp-block-columns is-layout-flex wp-container-core-columns-is-layout-9d6595d7 wp-block-columns-is-layout-flex\">\n<div class=\"wp-block-column is-layout-flow wp-block-column-is-layout-flow\"><\/div>\n\n\n\n<div class=\"wp-block-column is-layout-flow wp-block-column-is-layout-flow\"><\/div>\n<\/div>\n\n\n\n<p><\/p>\n","protected":false},"excerpt":{"rendered":"<p>Es gibt ein Problem. Ich habe eine Idee wie wir es angehen k\u00f6nnen. Gemeinsam finden wir heraus, ob wir mit dieser Idee ein erfolgreiches Therapiekonzept zusammenstellen k\u00f6nnen. Wenn uns das in der Erstordination gelingt, ist das der Beginn einer effizienten Zusammenarbeit. Um sinnvoll arbeiten zu k\u00f6nnen, brauche ich als Therapeut [&hellip;]<\/p>\n","protected":false},"author":2,"featured_media":1196,"parent":0,"menu_order":2,"comment_status":"closed","ping_status":"closed","template":"","meta":{"_acf_changed":false,"footnotes":""},"class_list":["post-10","page","type-page","status-publish","has-post-thumbnail","hentry"],"acf":[],"_links":{"self":[{"href":"https:\/\/www.meinepraxis.at\/de\/wp-json\/wp\/v2\/pages\/10","targetHints":{"allow":["GET"]}}],"collection":[{"href":"https:\/\/www.meinepraxis.at\/de\/wp-json\/wp\/v2\/pages"}],"about":[{"href":"https:\/\/www.meinepraxis.at\/de\/wp-json\/wp\/v2\/types\/page"}],"author":[{"embeddable":true,"href":"https:\/\/www.meinepraxis.at\/de\/wp-json\/wp\/v2\/users\/2"}],"replies":[{"embeddable":true,"href":"https:\/\/www.meinepraxis.at\/de\/wp-json\/wp\/v2\/comments?post=10"}],"version-history":[{"count":99,"href":"https:\/\/www.meinepraxis.at\/de\/wp-json\/wp\/v2\/pages\/10\/revisions"}],"predecessor-version":[{"id":1547,"href":"https:\/\/www.meinepraxis.at\/de\/wp-json\/wp\/v2\/pages\/10\/revisions\/1547"}],"wp:featuredmedia":[{"embeddable":true,"href":"https:\/\/www.meinepraxis.at\/de\/wp-json\/wp\/v2\/media\/1196"}],"wp:attachment":[{"href":"https:\/\/www.meinepraxis.at\/de\/wp-json\/wp\/v2\/media?parent=10"}],"curies":[{"name":"wp","href":"https:\/\/api.w.org\/{rel}","templated":true}]}}

<p class="has-medium-font-size">Es gibt ein Problem. Ich habe eine Idee wie wir es angehen können. <br>Gemeinsam finden wir heraus, ob wir mit dieser Idee ein erfolgreiches Therapiekonzept zusammenstellen können. Wenn uns das in der Erstordination gelingt, ist das der Beginn einer effizienten Zusammenarbeit.</p>



<div class="wp-block-columns are-vertically-aligned-center is-layout-flex wp-container-core-columns-is-layout-9d6595d7 wp-block-columns-is-layout-flex">
<div class="wp-block-column is-vertically-aligned-center is-layout-flow wp-block-column-is-layout-flow">
<div class="wp-block-group"><div class="wp-block-group__inner-container is-layout-flow wp-block-group-is-layout-flow">
<p>Um sinnvoll arbeiten zu können, brauche ich als Therapeut zu aller erst einen Blick aufs Ganze. Nicht die Verletzung steht alleine für sich, sondern der Mensch mit seinem Umfeld und seiner Geschichte, die zu guter Letzt zu der Verletzung geführt hat, mit der er oder sie zu mir gekommen ist. Der Mensch ist in Körper, Geist und Seele ein Ganzes. Aber nicht nur das. Wir sind auch in ständigem Austausch mit unserer Umwelt. Bei komplizierten, langen Krankheitsverläufen mit wenig Erfolg kann dies zu berücksichtigen den entscheidenden Unterschied machen, um gesund zu werden.</p>
</div></div>
</div>
</div>



<div class="wp-block-columns is-layout-flex wp-container-core-columns-is-layout-9d6595d7 wp-block-columns-is-layout-flex">
<div class="wp-block-column is-layout-flow wp-block-column-is-layout-flow">
<figure class="wp-block-image size-full"><img loading="lazy" decoding="async" width="1500" height="2001" src="https://www.meinepraxis.at/wp-content/uploads/2021/08/Rene-Kraenzl-Wiesenthal_cMartina-Siebenhandl_08.jpg" alt="" class="wp-image-682" srcset="https://www.meinepraxis.at/wp-content/uploads/2021/08/Rene-Kraenzl-Wiesenthal_cMartina-Siebenhandl_08.jpg 1500w, https://www.meinepraxis.at/wp-content/uploads/2021/08/Rene-Kraenzl-Wiesenthal_cMartina-Siebenhandl_08-450x600.jpg 450w, https://www.meinepraxis.at/wp-content/uploads/2021/08/Rene-Kraenzl-Wiesenthal_cMartina-Siebenhandl_08-768x1025.jpg 768w, https://www.meinepraxis.at/wp-content/uploads/2021/08/Rene-Kraenzl-Wiesenthal_cMartina-Siebenhandl_08-1151x1536.jpg 1151w" sizes="auto, (max-width: 1500px) 100vw, 1500px" /></figure>
</div>



<div class="wp-block-column is-layout-flow wp-block-column-is-layout-flow">
<p>Mein Schwerpunkt ist das Bindegewebe (=Faszie). Dieses verbindet und organisiert unseren Körper. Abweichungen von Gewebedichte oder Verlaufsrichtung korrekt einzuschätzen macht es mir möglich Schmerzen rasch richtig zu verstehen.&nbsp;</p>



<p>In manchen Situationen ist ein individuelles Training der beste Weg, für manche das Korrigieren einzelner Faszienverläufe und wieder andere benötigen mehr Freiraum in Bauch oder Kopf um wieder zurück in die eigene Gesundheit zu finden.&nbsp;</p>



<p>Vor allem die Auseinandersetzung mit Evolutionstheorie und Embryologie haben mir gezeigt wie wichtig es ist zu berücksichtigen was wir als Menschheit alles können und wieviel Potenzial in unseren Körpern liegt </p>



<p>Selbst meine Auseinandersetzung mit Zellbiologie hat mir geholfen im Kleinen das große Ganze Mensch besser zu verstehen. Ich habe schon vieles gelernt. Heute kann ich oft die Spuren sehen, die Traumata in den Körpern meiner Patientinnen hinterlassen haben. Spuren der Verdichtung, wie sie ein schwerer Bagger in frischem Waldboden hinterlassen würde. Ich kann sie lesen, ihnen folgen und sie lösen.</p>
</div>
</div>



<div class="wp-block-columns is-layout-flex wp-container-core-columns-is-layout-9d6595d7 wp-block-columns-is-layout-flex">
<div class="wp-block-column is-layout-flow wp-block-column-is-layout-flow"></div>



<div class="wp-block-column is-layout-flow wp-block-column-is-layout-flow"></div>
</div>



<p></p>

<p>Es gibt ein Problem. Ich habe eine Idee wie wir es angehen können. Gemeinsam finden wir heraus, ob wir mit dieser Idee ein erfolgreiches Therapiekonzept zusammenstellen können. Wenn uns das in der Erstordination gelingt, ist das der Beginn einer effizienten Zusammenarbeit. Um sinnvoll arbeiten zu können, brauche ich als Therapeut [&hellip;]</p>
